be (j + -6)/(-1) - -2. Suppose 10*u - 270 = l*u. Calculate the highest common divisor of 6 and u.
6
Suppose -4*r = -4*v - 460, -r + 62 = v - 59. What is the highest common factor of 3186 and r?
118
Let w be (-18)/33 + 1550/341. What is the highest common divisor of 5 and w?
1
Suppose v = -4*v + 205. Let y = v + -14. Suppose n - 1083 = 2*f - 7*f, n = -4*f + 867. What is the greatest common factor of f and y?
27
Let j be -10*-2*3*21/36. Suppose 2*u - j = -3*u. Let i = 122 - 73. What is the highest common divisor of u and i?
7
Let q(o) = -o**3 - 12*o**2 + 5*o + 10. Suppose y + 38 = 5*j, -y - 70 = 4*y - j. Let c be q(y). What is the greatest common divisor of 6 and c?
6
Let f be 5/5 - (1 - 0)*-7. Let w be ((-122)/(-8))/(1/(-4)). Let i = w - -117. Calculate the highest common factor of i and f.
8
Let g(i) = -i**3 + 9*i**2 - 6*i - 10. Let h be g(5). What is the greatest common factor of h and 48?
12
Let k = -42 + 47. Suppose k*b - 410 = -2*l - 3*l, -5*b = l - 90. What is the greatest common factor of 10 and l?
10
Let h = -14 - -15. Let s be h/3*(-195)/(-1). Let w = s + -37. What is the highest common divisor of w and 70?
14
Let i(d) = d**3 + 6*d**2 + 7*d + 4. Let g be i(-4). Suppose -g*n = -n - 434. Calculate the highest common factor of 93 and n.
31
Let h(n) = -n - 5. Let l be h(-5). Suppose 8 = j - 2*i, -i + l = 4*j - 5. Let g = -12 - -18. What is the greatest common divisor of j and g?
2
Let p = -64 + 363. What is the highest common divisor of 23 and p?
23
Suppose -4*w = 3*s - 3*w - 24, -3*w - 19 = -4*s. Suppose -3*n = -6*n - 63. Let g be 388/14 + (-6)/n. Calculate the highest common divisor of s and g.
7
Suppose 5091 + 13757 = 38*v. Calculate the greatest common factor of 32 and v.
16
Let v = 233 - 143. What is the greatest common factor of v and 80?
10
Let m = 136 - 92. Let s(b) = -5*b - 191. Let k be s(-39). Calculate the greatest common factor of k and m.
4
Let d be ((-30)/2)/((-27)/18). Suppose 2*z + 8 = 4*z. Let l be 164/8 + (-2)/z. What is the greatest common factor of d and l?
10
Let i be 16/10*(-35)/(-14). Suppose -i*p + 7 + 25 = 0. Suppose 2*j = p*j - 162. Calculate the highest common factor of 9 and j.
9
Let w(f) = -f**3 - 4*f**2 + 10*f - 7. Suppose 10*t = 3 - 73. Let z be w(t). What is the highest common divisor of 28 and z?
14
Let j(t) = -t**3 + 7*t**2 + 4*t + 2. Let u be j(7). Let g = u - 28. Suppose 19 = z + g. Calculate the highest common factor of 187 and z.
17
Let b(l) be the first derivative of -25*l**2/2 - 3*l - 3. Let j be b(-2). Let h = j - 34. Calculate the greatest common divisor of h and 13.
13
Suppose -31*h + 10814 = 2382. Let f = 55 + -38. Calculate the highest common factor of h and f.
17
Suppose -4*x + 25 = x. What is the greatest common factor of x and 25?
5
Let m(w) = -w + 74. Let n(c) = -2*c**2 - 19*c - 14. Let z be n(-10). Let a be m(z). What is the greatest common divisor of 245 and a?
49
Let o be ((-20)/(-50))/((-2)/190). Let d be 18/171 - 680/o. Let n(p) = -p + 7. Let r be n(-5). Calculate the highest common divisor of d and r.
6
Suppose -6160 = -0*q - 5*q. Suppose q = u + 10*u. What is the greatest common divisor of 7 and u?
7
Let w = 951 - 871. What is the highest common divisor of w and 15?
5
Suppose -3648 = 51*z - 16959. Calculate the highest common divisor of 29 and z.
29
Let s be (2 + (-4)/6)*(-12)/(-8). Suppose s = a + k - 9, -3*k + 61 = 5*a. What is the greatest common divisor of 35 and a?
7
Suppose 4*a - 2*i = 78, 3*a + 0*a - 61 = i. Suppose -3*p + p = -a. Let d = 42 + 13. What is the highest common divisor of p and d?
11
Let q be -5*1*(5 - 27). Suppose q = d + 4*d. Let x(m) = m**2 - 2*m - 15. Let p be x(8). What is the highest common factor of p and d?
11
Let a(z) = 11*z - z**3 - 120*z**2 + 8 - 38*z + 134*z**2. Let m be a(8). Calculate the highest common divisor of 11 and m.
11
Suppose 2*u - 84 = -4*f, 19*u - 23*u + 2*f = -168. What is the greatest common factor of 70 and u?
14
Let u(b) = 6*b**2 + 154*b - 38. Let x be u(-26). What is the highest common divisor of 3920 and x?
14
Let p(n) = 0*n**3 - 26 + 23*n**2 + 0*n**3 + n**3 + 15*n - 5*n**2. Let v be p(-17). Calculate the highest common factor of 8 and v.
8
Let m(v) = -v**3 + 3*v**2 + 5*v - 7. Let f be m(-5). Suppose 4*u + f = -0*u. Let n = u + 67. What is the greatest common divisor of n and 225?
25
Let p be (-550)/(-8)*1/5*8. Calculate the highest common divisor of 286 and p.
22
Suppose 284*v = 275*v + 63. Calculate the highest common factor of 203 and v.
7
Suppose 0 = -2*m - i + 6 + 19, -2*m + i + 23 = 0. What is the greatest common divisor of m and 156?
12
Suppose 0 = 5*j + 4*t - 155, -4*t = j + 100 - 115. What is the greatest common factor of j and 385?
35
Let t be (-15 - -30)*(-906)/(-30). Calculate the greatest common factor of 3 and t.
3
Let u(p) = 17 + 16*p**2 + 7*p**2 - 30*p**2 - p**3 + 9*p. Let f be u(-8). What is the greatest common divisor of f and 6?
3
Let a(l) = 27*l**2 - 7*l - 14. Let y be a(-2). What is the greatest common divisor of y and 702?
54
Let v = 255 + -245. What is the highest common divisor of v and 8?
2
Let i be 38/10 + (-2)/(-10). Suppose -i*x = -220 - 120. Let h(l) = 2*l**2 + 32*l + 17. Let f be h(-16). What is the greatest common divisor of f and x?
17
Suppose 10*z + 6*z - 768 = 0. Let d(u) = -u + 3. Let v be d(-13). Calculate the highest common factor of v and z.
16
Suppose -5*y = w - 185, w = y + 3*y + 176. Let m = w + -114. Suppose 7*l - 90 = -8*l. What is the highest common divisor of m and l?
6
Let a be 13656/14 - (-20)/35. What is the greatest common factor of a and 16?
16
Let f(i) = -i**2 - i. Let m(b) = b**3 - b**2 - 21*b - 6. Let n(k) = -6*f(k) + m(k). Let c be n(-7). What is the greatest common divisor of 13 and c?
1
Suppose -2*r - 2*r = -252. Suppose -2*i = -9 - 5. Suppose -2*t + 3*t = i. What is the greatest common divisor of r and t?
7
Suppose 3*w - 30 = 3*k, 4*k = -6*w + w + 5. Suppose w*i - 1 = -16. Let z be i - (3 - -18)*-1. What is the highest common divisor of z and 9?
9
Suppose -10*y + 1731 = -2669. What is the highest common factor of y and 40?
40
Let d = 17 - -103. What is the greatest common divisor of d and 300?
60
Suppose 3*h - 61 = 4*n, 50*n = 2*h + 47*n - 41. What is the greatest common factor of h and 57?
19
Let s(b) = b + 3. Let t be s(-6). Let q be 10/25*((-18)/t - 1). Suppose -4*o + 28 = 2*r, 3*o - 20 = -2*o + 5*r. Calculate the greatest common factor of q and o.
2
Let i = 191 - -537. Calculate the highest common divisor of 392 and i.
56
Let t = 14 - 12. Let y be ((-144)/84)/(t/(-14)). Let r = -6 + y. Calculate the greatest common divisor of 3 and r.
3
Suppose -3*z + 251 = 4*x - 72, -5 = -5*z. Calculate the highest common divisor of x and 500.
20
Suppose 3*q - 27 = -4*z + 38, 5*z - 2*q = 87. Suppose -4*x + 3*f - 4*f = -147, 2*x - 69 = f. Let d = x - z. What is the greatest common factor of 19 and d?
19
Suppose -3*u + 22 = -4*f, 8*u = 3*u + 3*f + 33. Calculate the highest common divisor of 38 and u.
2
Suppose -5*v + 2*v + 228 = 0. What is the highest common divisor of v and 19?
19
Let i = -87 + 156. Suppose 0 = -8*r + i + 2451. Suppose b = l - 71, -l - 3*b + r = 4*l. Calculate the highest common factor of 165 and l.
33
Let w(v) = v**3 + 11*v**2 + 11*v + 12. Let y be w(-10). Suppose 4*d = 4*a - 12, -a - d + 3 = -4*d. What is the highest common divisor of y and a?
1
Let b be -3 + 0 + -5 + 16. Calculate the highest common divisor of b and 128.
8
Let q(f) = -f**3 - 4*f**2 + 6*f + 10. Let s be q(-5). Suppose 2 = -w + s*d + 10, w + 4*d + 1 = 0. Calculate the highest common divisor of 24 and w.
3
Let s(i) = i**3 - 7*i**2 + 7*i + 8. Suppose 0 = -2*x + 3*n + 6, -2*x - 5*n + 3*n + 16 = 0. Let u be s(x). What is the greatest common factor of u and 35?
7
Let f = 371 - -572. Calculate the highest common divisor of f and 23.
23
Let i be 5 + 5*-6*474/(-60). Calculate the greatest common factor of i and 22.
22
Let u = -46 - -56. Suppose -5*y + 5*g = -50, 0 = -5*y - 2*g + u + 5. What is the greatest common divisor of y and 45?
5
Let r(l) = 345*l - 9. Let b be r(1). What is the greatest common factor of b and 21?
21
Let f = 104 + -59. Let k be 12/(-4) - -33 - (-3 + 3). Calculate the highest common factor of k and f.
15
Let a(p) = -p - 10. Let i be a(-9). Let x be (2 + 162)/4 - i. Suppose 0 = -2*n - 2*n 